ate the remainder when 73 is divided by m.
34
Suppose -2*m - 2*h = -18, -3*h - 8 - 7 = 0. Suppose 3*x + 2*x - l - 15 = 0, -l - 9 = -3*x. Calculate the remainder when m is divided by (-3 + 1)/((x/(-6))/1).
2
Let o = 6351 + -6338. Calculate the remainder when 4924 is divided by o.
10
Let u = 1 + 4. Let f be ((-28)/(-8) - u)/((-3)/94). Let i = -32 + f. Calculate the remainder when 43 is divided by i.
13
Let z be (-10 - -462) + 0 + -2. Suppose 150 = -4*n + z. Suppose 2*d = 4*b - 30 - 30, 5*b - 3*d - n = 0. What is the remainder when 29 is divided by b?
14
Let v be (-2)/(-2) - -2 - (2 - -2). What is the remainder when (-30)/(-4)*136/12 is divided by (-686)/(-22) + v + 6/(-33)?
25
Let i be (-2)/2 - (-4 + 8). Let u be 66/i*100/30. Let n = u - -56. Calculate the remainder when 46 is divided by n.
10
Suppose g = 2*b + 17, 0 = -5*g + 5*b - 0*b + 100. Suppose -25 = -8*n + g. Calculate the remainder when 17 is divided by n.
5
Suppose 3*n - 7 = 4*j + 6, 4*j = 8. Suppose -77653 = 27*v - 77788. What is the remainder when n is divided by v?
2
Let i(l) = -11*l + 703. Calculate the remainder when i(55) is divided by 55.
43
Let l(b) = -36*b - 5. Let k be l(-7). Suppose 5*q - k = 223. Let a(d) = d**3 + 6*d**2 - 3*d - 8. What is the remainder when q is divided by a(-5)?
30
Let z(p) = -41*p + 83. Let j be z(-9). Calculate the remainder when 153 is divided by j/15 + (-22)/165.
3
Let q(c) = -c**2 + 13*c + 23. Let n be q(11). Suppose 0 = -58*v + 53*v + n. What is the remainder when 62 is divided by v?
8
Let h = -74 + 104. Suppose -44*l + 2489 - 69 = 0. Calculate the remainder when l is divided by h.
25
Let a(z) = -z**3 + z**2 + 3*z + 12. Let s be a(3). Suppose 4*j - 10 = -3*i + 208, 3*i - 165 = -s*j. Calculate the remainder when 209 is divided by j.
50
Suppose 0 = 3*a - 10*a + 259. Suppose 216 = 4*w - 4*n, 2*w - 133 = -2*n - a. Let t = w + -47. What is the remainder when 7 is divided by t?
3
What is the remainder when 28955 is divided by (76/8)/((-175)/(-250) - (-2)/(-10))?
18
Suppose -4*t + 37*j = 33*j - 268, 4*j = 12. Calculate the remainder when 124 is divided by t.
54
Let a(t) = -305*t + 8335. Calculate the remainder when a(27) is divided by 36.
28
Let t(z) = -z**3 + 4*z**2 + 4*z + 9. Let x be t(5). Let u be x/(-30) - (-2)/15. Suppose u*l + 13 = l. Calculate the remainder when 23 is divided by l.
10
Suppose 2*w - 3*w = 5*y - 9, 5*y - 45 = 5*w. Let z be ((-24)/(-10))/w*-45. What is the remainder when (18/7)/(z/126) is divided by 4?
2
Let n(z) = 5*z**3 + z**2 + 31*z - 77. Let b(w) = -2*w**3 - 10*w + 26. Let y(s) = 8*b(s) + 3*n(s). Calculate the remainder when 69 is divided by y(3).
5
Let j = -303 - -738. Suppose -19*o - j = -24*o. Calculate the remainder when o is divided by 15.
12
Suppose 25*u = 35*u - 1640. Suppose 2*c = 18 + u. Calculate the remainder when c is divided by 29.
4
Suppose 0 = 35*t - 248 + 85 - 327. What is the remainder when (-37)/3*(0 + -3) is divided by t?
9
Let n(j) = 207*j - 5867. Calculate the remainder when n(33) is divided by 50.
14
Let x be 52*((-2)/3 - (-33)/36). Suppose 17 = 3*a - x. Calculate the remainder when 35 is divided by a.
5
Suppose 2*k + 3*r + 185 = 222, -4*k + 11 = -3*r. Calculate the remainder when 111 is divided by k.
7
What is the remainder when 167658/22 + (-136)/(-22) + -6 is divided by 231?
229
Let u = -15 + -1. Let g(k) = -k**3 - 14*k**2 + 29*k + 23. Calculate the remainder when 283 is divided by g(u).
70
Suppose -21 = -3*r - 6. Suppose r*x = 161 - 121. Calculate the remainder when 14 is divided by x.
6
Suppose -4*f + 2*v + 2*v + 72 = 0, -3*v = 9. Suppose -5*w + f*w = -14760. Calculate the remainder when w/(-10) - (-4)/10 is divided by 38.
34
Let g = -12 + 31. Let d = -190 + 186. What is the remainder when (-882)/(-12) + 1/d*2 is divided by g?
16
Let d be (-1314)/(-102) + (-6)/(-51). Suppose -d - 119 = -11*g. What is the remainder when 81 is divided by g?
9
Let p be ((-2)/(-4))/((-11)/66) - -341. Let s = p - 220. What is the remainder when s is divided by 33?
19
Let m = 14412 + -14397. Let v(d) = 13*d + 5. What is the remainder when v(5) is divided by m?
10
Let m = -73 + 103. Let x = 34 - m. Suppose -y + f = 5 - 19, 3*f = -x*y + 91. What is the remainder when y is divided by 11?
8
Let q = 23 + -15. Suppose 29*n + 105 = 36*n. Suppose -19*l = -n*l - 12. What is the remainder when q is divided by l?
2
Let v = 642 + -1321. Let h = 761 + v. Calculate the remainder when 92 is divided by h.
10
Suppose 6*z + 3928 = -66*z + 46840. What is the remainder when z is divided by 67?
60
Suppose -c = -2*n - 5*c + 24, -3*c = 3*n - 24. Let d = -67 - -35. Let k = d - -53. What is the remainder when k is divided by n?
1
Let k = -101 + 101. Suppose 3*p - 168 = -4*r + 2*p, r - p - 42 = k. Calculate the remainder when 251 is divided by r.
41
Suppose -9394 - 3066 = -70*j. Calculate the remainder when 1577 is divided by j.
153
Calculate the remainder when 118 is divided by -5 - 2 - (523 - 13)/(-10).
30
Let f(q) = q**3 - 10*q**2 + 2*q + 54. Let x be f(9). What is the remainder when 21 is divided by x/12 + 395/20?
2
Let y = 26 + -24. Suppose 3*g + 15*n - 17*n - 72 = 0, 0 = -g + y*n + 28. What is the remainder when g is divided by 5?
2
Let g be (-6)/((21/2)/(-7)). Suppose -g*b - 4*q = -40, -2*b + 4*q + 27 = -11. What is the remainder when (4 - 1)/(-1*(-4)/44) is divided by b?
7
Let c(u) = -170*u - 441. What is the remainder when c(-5) is divided by 72?
49
Let x = 32 + -32. Let a(l) = l**2 + l + 3. Let y(b) = -b**3 + 15*b**2 - 2*b + 33. Calculate the remainder when y(15) is divided by a(x).
0
Suppose -2*c + 4*c = 368. Suppose -4*a + 7 = 4*o + 15, 3*a - 6 = o. Calculate the remainder when c is divided by (-134 - (11 - 4))/o.
43
Let m be (-2534)/21 + (-5)/(-3). Let k = m + 169. Suppose 0 = 4*c - 2*b - k - 6, c = b + 12. What is the remainder when 45 is divided by c?
13
Let x = 335 + 1260. Calculate the remainder when x is divided by 84.
83
Suppose -1607 = 6*d - 5495. Suppose 4*u + 3*i - 189 = 351, -3*i - d = -5*u. What is the remainder when (0 - (-9)/6)*u/6 is divided by 20?
13
Let g = 18338 - 18299. What is the remainder when 465 is divided by g?
36
Let b(f) = 3 - 7 + 9*f + f**2 - 4*f. Suppose -l - 3*y + 26 = 2*y, 3*y = 4*l + 11. Calculate the remainder when b(-6) is divided by l.
0
Suppose 124 = -1734*k + 1738*k. Calculate the remainder when 2/(-6) - 2980/(-30) is divided by k.
6
Calculate the remainder when 1540 is divided by (-780)/(-4940) + 70/38.
0
Suppose -11*c + 657 = -200 - 12. Calculate the remainder when 4423 is divided by c.
78
Suppose 0 = -z - 2*a + 7*a + 107, 347 = 3*z - 2*a. What is the remainder when z is divided by -4 - 7/(-2)*18?
58
Suppose -120 = -52*i + 42*i. Suppose -y = n - 207, y = -4*n + 6*y + 792. What is the remainder when n is divided by i?
11
Let j be (-1 + 2)/((-3)/(-57)). Let o = j - 17. Suppose -4*m = -4*v - 60, 0 = 5*m - o*v - 38 - 22. What is the remainder when 36 is divided by m?
6
Suppose 11*k = 207 + 338 - 138. Calculate the remainder when 426 is divided by k.
19
Let g = 43 + -24. Suppose -25 = -5*p, w = 5*w - 4*p - 1036. What is the remainder when w is divided by g?
17
Suppose -r + 5*r = 0, 5*r - 5 = 5*m. Let y(h) = -22*h**3 - 3*h**2 + 1. What is the remainder when 113 is divided by y(m)?
13
Let u be -11 - -23 - (2 + 3). What is the remainder when -2*u*(5 + -6) is divided by 8?
6
Suppose 2*x = -3*s + 105, -1221*x - 175 = -5*s - 1217*x. Calculate the remainder when 320 is divided by s.
5
Suppose 3*d = -3*s - d + 18, 4*s - 3*d - 49 = 0. Let b be 4 + (8 - 136) - 8/(-2). Let w = b + 127. Calculate the remainder when s is divided by w.
3
Suppose -74 = -4*x - 2*b, 2*x - 3*b - 51 + 10 = 0. Suppose 36 = 5*m + 2*c, 5*m + 3*c - x = 15. Let f = -30 + 51. Calculate the remainder when f is divided by m.
5
Let s(r) = -r**3 - 62*r**2 - 12*r + 140. Calculate the remainder when s(-62) is divided by 22.
4
Let v(t) = -62*t + 191. Let g be v(21). Suppose 8*k - 3*k = 95. Calculate the remainder when (-2 + g/(-44))/((-6)/(-8)) is divided by k.
12
Let f = -1094 + 1254. Suppose -401*b = -409*b + f. What is the remainder when -1*(-1)/(-1)*-58 is divided by b?
18
Let m = -4884 - -4945. Calculate the remainder when 806 is divided by m.
13
Suppose 5117 = 64*s + 55*s. What is the remainder when 498 is divided by s?
25
Let r(j) = 53*j + 328.